{"id":12,"date":"2026-02-11T16:20:25","date_gmt":"2026-02-11T15:20:25","guid":{"rendered":"https:\/\/industar.cxdesign.hu\/?page_id=12"},"modified":"2026-02-18T14:48:08","modified_gmt":"2026-02-18T13:48:08","slug":"industar-kft","status":"publish","type":"page","link":"https:\/\/industar.cxdesign.hu\/","title":{"rendered":"InduStar Kft."},"content":{"rendered":"\t\t<div data-elementor-type=\"wp-page\" data-elementor-id=\"12\" class=\"elementor elementor-12\" data-elementor-post-type=\"page\">\n\t\t\t\t<div class=\"elementor-element elementor-element-3a632352 e-con-full e-flex elementor-invisible e-con e-parent\" data-id=\"3a632352\" data-element_type=\"container\" data-e-type=\"container\" data-settings=\"{&quot;animation&quot;:&quot;fadeIn&quot;}\">\n\t\t<div class=\"elementor-element elementor-element-aa1b56f e-con-full e-flex e-con e-child\" data-id=\"aa1b56f\" data-element_type=\"container\" data-e-type=\"container\">\n\t\t<div class=\"elementor-element elementor-element-6ab21ea4 e-con-full e-flex e-con e-child\" data-id=\"6ab21ea4\" data-element_type=\"container\" data-e-type=\"container\">\n\t\t<div class=\"elementor-element elementor-element-797bde1b e-con-full e-flex e-con e-child\" data-id=\"797bde1b\" data-element_type=\"container\" data-e-type=\"container\" data-settings=\"{&quot;background_background&quot;:&quot;classic&quot;}\">\n\t\t<div class=\"elementor-element elementor-element-2e96be51 e-con-full e-flex e-con e-child\" data-id=\"2e96be51\" data-element_type=\"container\" data-e-type=\"container\">\n\t\t<div class=\"elementor-element elementor-element-1f43b11c e-con-full e-flex e-con e-child\" data-id=\"1f43b11c\" data-element_type=\"container\" data-e-type=\"container\">\n\t\t<div class=\"elementor-element elementor-element-3d99976c e-con-full e-flex e-con e-child\" data-id=\"3d99976c\" data-element_type=\"container\" data-e-type=\"container\">\n\t\t\t\t<div class=\"elementor-element elementor-element-7d16c19a elementor-widget__width-initial elementor-widget-divider--view-line elementor-widget elementor-widget-divider\" data-id=\"7d16c19a\" data-element_type=\"widget\" data-e-type=\"widget\" data-widget_type=\"divider.default\">\n\t\t\t\t\t\t\t<div class=\"elementor-divider\">\n\t\t\t<span class=\"elementor-divider-separator\">\n\t\t\t\t\t\t<\/span>\n\t\t<\/div>\n\t\t\t\t\t\t<\/div>\n\t\t\t\t<div class=\"elementor-element elementor-element-149e4263 elementor-widget__width-initial elementor-widget elementor-widget-heading\" data-id=\"149e4263\" data-element_type=\"widget\" data-e-type=\"widget\" data-widget_type=\"heading.default\">\n\t\t\t\t\t<h2 class=\"elementor-heading-title elementor-size-default\">A modern <br>technol\u00f3gia \n\u00e9s a szakmai <br>\ntapasztalat\n<b>\negy\u00fctt a <br>\nleghat\u00e9konyabb megold\u00e1s<\/b><\/h2>\t\t\t\t<\/div>\n\t\t\t\t<\/div>\n\t\t<div class=\"elementor-element elementor-element-51b78e85 e-con-full e-flex e-con e-child\" data-id=\"51b78e85\" data-element_type=\"container\" data-e-type=\"container\">\n\t\t\t\t<div class=\"elementor-element elementor-element-2d2ef49b elementor-widget__width-initial elementor-widget elementor-widget-text-editor\" data-id=\"2d2ef49b\" data-element_type=\"widget\" data-e-type=\"widget\" data-widget_type=\"text-editor.default\">\n\t\t\t\t\t\t\t\t\t<p><strong>A f\u00e9mmegmunk\u00e1l\u00e1s n\u00e1lunk prec\u00edzi\u00f3s m\u0171v\u00e9szet. <\/strong>Tapasztalt csapatunk a leg\u00fajabb eszk\u00f6z\u00f6kkel garant\u00e1lja a kifog\u00e1stalan min\u0151s\u00e9get \u00e9s a maxim\u00e1lis precizit\u00e1st.<\/p>\t\t\t\t\t\t\t\t<\/div>\n\t\t\t\t<div class=\"elementor-element elementor-element-1a111216 elementor-widget__width-initial elementor-widget elementor-widget-image\" data-id=\"1a111216\" data-element_type=\"widget\" data-e-type=\"widget\" data-widget_type=\"image.default\">\n\t\t\t\t\t\t\t\t\t\t\t\t\t\t\t<img decoding=\"async\" width=\"342\" height=\"36\" src=\"https:\/\/industar.cxdesign.hu\/wp-content\/uploads\/2026\/02\/Partner-logos-01.png\" class=\"attachment-full size-full wp-image-81\" alt=\"\" srcset=\"https:\/\/industar.cxdesign.hu\/wp-content\/uploads\/2026\/02\/Partner-logos-01.png 342w, https:\/\/industar.cxdesign.hu\/wp-content\/uploads\/2026\/02\/Partner-logos-01-300x32.png 300w\" sizes=\"(max-width: 342px) 100vw, 342px\" \/>\t\t\t\t\t\t\t\t\t\t\t\t\t\t\t<\/div>\n\t\t\t\t<\/div>\n\t\t\t\t<\/div>\n\t\t\t\t<\/div>\n\t\t<div class=\"elementor-element elementor-element-62e3cf2f e-con-full e-flex e-con e-child\" data-id=\"62e3cf2f\" data-element_type=\"container\" data-e-type=\"container\" data-settings=\"{&quot;background_background&quot;:&quot;classic&quot;}\">\n\t\t<div class=\"elementor-element elementor-element-789accdf e-con-full e-flex e-con e-child\" data-id=\"789accdf\" data-element_type=\"container\" data-e-type=\"container\">\n\t\t<div class=\"elementor-element elementor-element-56cbcb58 e-con-full e-flex e-con e-child\" data-id=\"56cbcb58\" data-element_type=\"container\" data-e-type=\"container\">\n\t\t\t\t<div class=\"elementor-element elementor-element-4a8fc39d elementor-widget elementor-widget-heading\" data-id=\"4a8fc39d\" data-element_type=\"widget\" data-e-type=\"widget\" data-widget_type=\"heading.default\">\n\t\t\t\t\t<h2 class=\"elementor-heading-title elementor-size-default\">T\u00f6bb mint<\/h2>\t\t\t\t<\/div>\n\t\t\t\t<div class=\"elementor-element elementor-element-7dd86d3b elementor-widget__width-initial elementor-widget elementor-widget-heading\" data-id=\"7dd86d3b\" data-element_type=\"widget\" data-e-type=\"widget\" data-widget_type=\"heading.default\">\n\t\t\t\t\t<h2 class=\"elementor-heading-title elementor-size-default\">60<\/h2>\t\t\t\t<\/div>\n\t\t\t\t<div class=\"elementor-element elementor-element-638794fc elementor-widget elementor-widget-heading\" data-id=\"638794fc\" data-element_type=\"widget\" data-e-type=\"widget\" data-widget_type=\"heading.default\">\n\t\t\t\t\t<h2 class=\"elementor-heading-title elementor-size-default\">\u00e9ve a szakm\u00e1ban<\/h2>\t\t\t\t<\/div>\n\t\t\t\t<\/div>\n\t\t\t\t<\/div>\n\t\t\t\t<\/div>\n\t\t\t\t<\/div>\n\t\t\t\t<\/div>\n\t\t<div class=\"elementor-element elementor-element-6a1eb421 e-con-full e-flex e-con e-child\" data-id=\"6a1eb421\" data-element_type=\"container\" data-e-type=\"container\" data-settings=\"{&quot;background_background&quot;:&quot;classic&quot;}\">\n\t\t\t\t<\/div>\n\t\t\t\t<\/div>\n\t\t\t\t<\/div>\n\t\t\t\t<\/div>\n\t\t","protected":false},"excerpt":{"rendered":"<p>A modern technol\u00f3gia \u00e9s a szakmai tapasztalat egy\u00fctt a leghat\u00e9konyabb megold\u00e1s A f\u00e9mmegmunk\u00e1l\u00e1s n\u00e1lunk prec\u00edzi\u00f3s m\u0171v\u00e9szet. Tapasztalt csapatunk a leg\u00fajabb eszk\u00f6z\u00f6kkel garant\u00e1lja a kifog\u00e1stalan min\u0151s\u00e9get \u00e9s a maxim\u00e1lis precizit\u00e1st. T\u00f6bb mint 60 \u00e9ve a szakm\u00e1ban<\/p>\n","protected":false},"author":1,"featured_media":0,"parent":0,"menu_order":0,"comment_status":"closed","ping_status":"closed","template":"","meta":{"footnotes":""},"class_list":["post-12","page","type-page","status-publish","hentry"],"_links":{"self":[{"href":"https:\/\/industar.cxdesign.hu\/index.php?rest_route=\/wp\/v2\/pages\/12","targetHints":{"allow":["GET"]}}],"collection":[{"href":"https:\/\/industar.cxdesign.hu\/index.php?rest_route=\/wp\/v2\/pages"}],"about":[{"href":"https:\/\/industar.cxdesign.hu\/index.php?rest_route=\/wp\/v2\/types\/page"}],"author":[{"embeddable":true,"href":"https:\/\/industar.cxdesign.hu\/index.php?rest_route=\/wp\/v2\/users\/1"}],"replies":[{"embeddable":true,"href":"https:\/\/industar.cxdesign.hu\/index.php?rest_route=%2Fwp%2Fv2%2Fcomments&post=12"}],"version-history":[{"count":1417,"href":"https:\/\/industar.cxdesign.hu\/index.php?rest_route=\/wp\/v2\/pages\/12\/revisions"}],"predecessor-version":[{"id":1876,"href":"https:\/\/industar.cxdesign.hu\/index.php?rest_route=\/wp\/v2\/pages\/12\/revisions\/1876"}],"wp:attachment":[{"href":"https:\/\/industar.cxdesign.hu\/index.php?rest_route=%2Fwp%2Fv2%2Fmedia&parent=12"}],"curies":[{"name":"wp","href":"https:\/\/api.w.org\/{rel}","templated":true}]}}