{"id":1664,"date":"2026-02-18T00:56:22","date_gmt":"2026-02-17T23:56:22","guid":{"rendered":"https:\/\/industar.cxdesign.hu\/?page_id=1664"},"modified":"2026-02-18T14:49:42","modified_gmt":"2026-02-18T13:49:42","slug":"adatkezelesi-tajekoztato","status":"publish","type":"page","link":"https:\/\/industar.cxdesign.hu\/?page_id=1664","title":{"rendered":"Adatkezel\u00e9si t\u00e1j\u00e9koztat\u00f3"},"content":{"rendered":"\t\t<div data-elementor-type=\"wp-page\" data-elementor-id=\"1664\" class=\"elementor elementor-1664\" data-elementor-post-type=\"page\">\n\t\t\t\t<div class=\"elementor-element elementor-element-57aae0b6 e-con-full e-flex elementor-invisible e-con e-parent\" data-id=\"57aae0b6\" data-element_type=\"container\" data-e-type=\"container\" data-settings=\"{&quot;animation&quot;:&quot;fadeIn&quot;}\">\n\t\t<div class=\"elementor-element elementor-element-2a8b5042 e-flex e-con-boxed e-con e-child\" data-id=\"2a8b5042\" data-element_type=\"container\" data-e-type=\"container\">\n\t\t\t\t\t<div class=\"e-con-inner\">\n\t\t<div class=\"elementor-element elementor-element-e80aee e-con-full e-flex e-con e-child\" data-id=\"e80aee\" data-element_type=\"container\" data-e-type=\"container\" data-settings=\"{&quot;background_background&quot;:&quot;classic&quot;}\">\n\t\t<div class=\"elementor-element elementor-element-88206f e-con-full e-flex e-con e-child\" data-id=\"88206f\" data-element_type=\"container\" data-e-type=\"container\">\n\t\t<div class=\"elementor-element elementor-element-fe58d97 e-con-full e-flex e-con e-child\" data-id=\"fe58d97\" data-element_type=\"container\" data-e-type=\"container\">\n\t\t<div class=\"elementor-element elementor-element-6c968b59 e-con-full e-flex e-con e-child\" data-id=\"6c968b59\" data-element_type=\"container\" data-e-type=\"container\">\n\t\t\t\t<div class=\"elementor-element elementor-element-79ac0d3d elementor-widget__width-initial elementor-widget-divider--view-line elementor-widget elementor-widget-divider\" data-id=\"79ac0d3d\" data-element_type=\"widget\" data-e-type=\"widget\" data-widget_type=\"divider.default\">\n\t\t\t\t\t\t\t<div class=\"elementor-divider\">\n\t\t\t<span class=\"elementor-divider-separator\">\n\t\t\t\t\t\t<\/span>\n\t\t<\/div>\n\t\t\t\t\t\t<\/div>\n\t\t\t\t<div class=\"elementor-element elementor-element-4de9ccb6 elementor-widget__width-initial elementor-widget elementor-widget-heading\" data-id=\"4de9ccb6\" data-element_type=\"widget\" data-e-type=\"widget\" data-widget_type=\"heading.default\">\n\t\t\t\t\t<h2 class=\"elementor-heading-title elementor-size-default\"><b>\nAdatkezel\u00e9si t\u00e1j\u00e9koztat\u00f3<\/b><br>\na www.industar.hu<br>\nhonlap l\u00e1togat\u00f3i sz\u00e1m\u00e1ra<\/h2>\t\t\t\t<\/div>\n\t\t\t\t<\/div>\n\t\t<div class=\"elementor-element elementor-element-15f2df6e e-con-full e-flex e-con e-child\" data-id=\"15f2df6e\" data-element_type=\"container\" data-e-type=\"container\">\n\t\t\t\t<div class=\"elementor-element elementor-element-71c6961 elementor-widget__width-initial elementor-widget elementor-widget-text-editor\" data-id=\"71c6961\" data-element_type=\"widget\" data-e-type=\"widget\" data-widget_type=\"text-editor.default\">\n\t\t\t\t\t\t\t\t\t<p>Hisz\u00fcnk abban, hogy a sikeres webes jelenl\u00e9t alapja a k\u00f6lcs\u00f6n\u00f6s bizalom.<\/p><p>\u00c9ppen ez\u00e9rt a szem\u00e9lyes adatok v\u00e9delm\u00e9t nem csup\u00e1n adminisztrat\u00edv tehernek, hanem az \u00dcgyfeleink biztons\u00e1g\u00e1t garant\u00e1l\u00f3 alapvet\u0151 \u00e9rt\u00e9knek tekintj\u00fck.<\/p>\t\t\t\t\t\t\t\t<\/div>\n\t\t\t\t<div class=\"elementor-element elementor-element-6052f7b6 elementor-widget__width-initial elementor-widget elementor-widget-image\" data-id=\"6052f7b6\" data-element_type=\"widget\" data-e-type=\"widget\" data-widget_type=\"image.default\">\n\t\t\t\t\t\t\t\t\t\t\t\t\t\t\t<img decoding=\"async\" width=\"342\" height=\"36\" src=\"https:\/\/industar.cxdesign.hu\/wp-content\/uploads\/2026\/02\/Partner-logos-01.png\" class=\"attachment-full size-full wp-image-81\" alt=\"\" srcset=\"https:\/\/industar.cxdesign.hu\/wp-content\/uploads\/2026\/02\/Partner-logos-01.png 342w, https:\/\/industar.cxdesign.hu\/wp-content\/uploads\/2026\/02\/Partner-logos-01-300x32.png 300w\" sizes=\"(max-width: 342px) 100vw, 342px\" \/>\t\t\t\t\t\t\t\t\t\t\t\t\t\t\t<\/div>\n\t\t\t\t<\/div>\n\t\t\t\t<\/div>\n\t\t\t\t<\/div>\n\t\t\t\t<\/div>\n\t\t\t\t\t<\/div>\n\t\t\t\t<\/div>\n\t\t\t\t<\/div>\n\t\t\t\t<\/div>\n\t\t","protected":false},"excerpt":{"rendered":"<p>Adatkezel\u00e9si t\u00e1j\u00e9koztat\u00f3<\/p>\n","protected":false},"author":1,"featured_media":0,"parent":0,"menu_order":0,"comment_status":"closed","ping_status":"closed","template":"","meta":{"footnotes":""},"class_list":["post-1664","page","type-page","status-publish","hentry"],"_links":{"self":[{"href":"https:\/\/industar.cxdesign.hu\/index.php?rest_route=\/wp\/v2\/pages\/1664","targetHints":{"allow":["GET"]}}],"collection":[{"href":"https:\/\/industar.cxdesign.hu\/index.php?rest_route=\/wp\/v2\/pages"}],"about":[{"href":"https:\/\/industar.cxdesign.hu\/index.php?rest_route=\/wp\/v2\/types\/page"}],"author":[{"embeddable":true,"href":"https:\/\/industar.cxdesign.hu\/index.php?rest_route=\/wp\/v2\/users\/1"}],"replies":[{"embeddable":true,"href":"https:\/\/industar.cxdesign.hu\/index.php?rest_route=%2Fwp%2Fv2%2Fcomments&post=1664"}],"version-history":[{"count":31,"href":"https:\/\/industar.cxdesign.hu\/index.php?rest_route=\/wp\/v2\/pages\/1664\/revisions"}],"predecessor-version":[{"id":1881,"href":"https:\/\/industar.cxdesign.hu\/index.php?rest_route=\/wp\/v2\/pages\/1664\/revisions\/1881"}],"wp:attachment":[{"href":"https:\/\/industar.cxdesign.hu\/index.php?rest_route=%2Fwp%2Fv2%2Fmedia&parent=1664"}],"curies":[{"name":"wp","href":"https:\/\/api.w.org\/{rel}","templated":true}]}}